{"id":6815,"date":"2021-06-21T14:56:41","date_gmt":"2021-06-21T17:56:41","guid":{"rendered":"https:\/\/institutoicm.com.br\/ensino\/?post_type=product&#038;p=6815"},"modified":"2026-04-06T12:36:53","modified_gmt":"2026-04-06T15:36:53","slug":"a-jornada-de-abraao","status":"publish","type":"product","link":"https:\/\/institutoicm.com.br\/ensino\/product\/a-jornada-de-abraao\/","title":{"rendered":"CURSO A JORNADA DE ABRA\u00c3O"},"content":{"rendered":"<p><span class=\"fontstyle0\">Este material foi elaborado com base nas aulas doutrin\u00e1rias ministradas nos semin\u00e1rios realizados pela Igreja Crist\u00e3 Maranata, no Maanaim de Domingos Martins, no estado do Esp\u00edrito Santo.<\/span><\/p>\n<p>O conte\u00fado did\u00e1tico desta publica\u00e7\u00e3o compreende parte do acervo doutrin\u00e1rio da Igreja Crist\u00e3 Maranata, organizado e disponibilizado pelo Instituto B\u00edblico da Igreja Crist\u00e3 Maranata para o curso de doutrinas b\u00edblicas.<\/p>\n<p>Esta publica\u00e7\u00e3o foi revisada e aperfei\u00e7oada com base nas revela\u00e7\u00f5es transmitidas pela Escola B\u00edblica Dominical.<br \/>\nTodos os direitos est\u00e3o reservados \u00e0 Igreja Crist\u00e3 Maranata.<\/p>\n","protected":false},"excerpt":{"rendered":"<p><span class=\"fontstyle0\">Este material foi elaborado com base nas aulas doutrin\u00e1rias ministradas nos semin\u00e1rios realizados pela Igreja Crist\u00e3 Maranata, no Maanaim de Domingos Martins, no estado do Esp\u00edrito Santo.<\/span><\/p>\n<p>O conte\u00fado did\u00e1tico desta publica\u00e7\u00e3o compreende parte do acervo doutrin\u00e1rio da Igreja Crist\u00e3 Maranata, organizado e disponibilizado pelo Instituto B\u00edblico da Igreja Crist\u00e3 Maranata para o curso de doutrinas b\u00edblicas.<\/p>\n<p>Esta publica\u00e7\u00e3o foi revisada e aperfei\u00e7oada com base nas revela\u00e7\u00f5es transmitidas pela Escola B\u00edblica Dominical.<\/p>\n<p>Todos os direitos est\u00e3o reservados \u00e0 Igreja Crist\u00e3 Maranata.<\/p>\n","protected":false},"featured_media":6816,"comment_status":"closed","ping_status":"closed","template":"","meta":[],"product_brand":[],"product_cat":[69],"product_tag":[],"class_list":{"0":"post-6815","1":"product","2":"type-product","3":"status-publish","4":"has-post-thumbnail","6":"product_cat-ead","8":"first","9":"outofstock","10":"virtual","11":"sold-individually","12":"purchasable","13":"product-type-simple"},"_links":{"self":[{"href":"https:\/\/institutoicm.com.br\/ensino\/wp-json\/wp\/v2\/product\/6815","targetHints":{"allow":["GET"]}}],"collection":[{"href":"https:\/\/institutoicm.com.br\/ensino\/wp-json\/wp\/v2\/product"}],"about":[{"href":"https:\/\/institutoicm.com.br\/ensino\/wp-json\/wp\/v2\/types\/product"}],"replies":[{"embeddable":true,"href":"https:\/\/institutoicm.com.br\/ensino\/wp-json\/wp\/v2\/comments?post=6815"}],"version-history":[{"count":2,"href":"https:\/\/institutoicm.com.br\/ensino\/wp-json\/wp\/v2\/product\/6815\/revisions"}],"predecessor-version":[{"id":60560,"href":"https:\/\/institutoicm.com.br\/ensino\/wp-json\/wp\/v2\/product\/6815\/revisions\/60560"}],"wp:featuredmedia":[{"embeddable":true,"href":"https:\/\/institutoicm.com.br\/ensino\/wp-json\/wp\/v2\/media\/6816"}],"wp:attachment":[{"href":"https:\/\/institutoicm.com.br\/ensino\/wp-json\/wp\/v2\/media?parent=6815"}],"wp:term":[{"taxonomy":"product_brand","embeddable":true,"href":"https:\/\/institutoicm.com.br\/ensino\/wp-json\/wp\/v2\/product_brand?post=6815"},{"taxonomy":"product_cat","embeddable":true,"href":"https:\/\/institutoicm.com.br\/ensino\/wp-json\/wp\/v2\/product_cat?post=6815"},{"taxonomy":"product_tag","embeddable":true,"href":"https:\/\/institutoicm.com.br\/ensino\/wp-json\/wp\/v2\/product_tag?post=6815"}],"curies":[{"name":"wp","href":"https:\/\/api.w.org\/{rel}","templated":true}]}}

CURSO A JORNADA DE ABRAÃO

<p><span class="fontstyle0">Este material foi elaborado com base nas aulas doutrinárias ministradas nos seminários realizados pela Igreja Cristã Maranata, no Maanaim de Domingos Martins, no estado do Espírito Santo.</span></p>
<p>O conteúdo didático desta publicação compreende parte do acervo doutrinário da Igreja Cristã Maranata, organizado e disponibilizado pelo Instituto Bíblico da Igreja Cristã Maranata para o curso de doutrinas bíblicas.</p>
<p>Esta publicação foi revisada e aperfeiçoada com base nas revelações transmitidas pela Escola Bíblica Dominical.<br />
Todos os direitos estão reservados à Igreja Cristã Maranata.</p>

<p><span class="fontstyle0">Este material foi elaborado com base nas aulas doutrinárias ministradas nos seminários realizados pela Igreja Cristã Maranata, no Maanaim de Domingos Martins, no estado do Espírito Santo.</span></p>
<p>O conteúdo didático desta publicação compreende parte do acervo doutrinário da Igreja Cristã Maranata, organizado e disponibilizado pelo Instituto Bíblico da Igreja Cristã Maranata para o curso de doutrinas bíblicas.</p>
<p>Esta publicação foi revisada e aperfeiçoada com base nas revelações transmitidas pela Escola Bíblica Dominical.</p>
<p>Todos os direitos estão reservados à Igreja Cristã Maranata.</p>
