{"id":50108,"date":"2025-01-06T08:37:08","date_gmt":"2025-01-06T11:37:08","guid":{"rendered":"https:\/\/institutoicm.com.br\/ensino\/product\/graca-e-fe-modulo-v-2\/"},"modified":"2025-05-16T08:16:26","modified_gmt":"2025-05-16T11:16:26","slug":"piloto-drone","status":"publish","type":"product","link":"https:\/\/institutoicm.com.br\/ensino\/product\/piloto-drone\/","title":{"rendered":"Curso de Piloto de Drone"},"content":{"rendered":"<p>Com dois m\u00f3dulos estruturados, voc\u00ea aprender\u00e1 desde os fundamentos do v\u00f4o at\u00e9 as t\u00e9cnicas avan\u00e7adas de pilotagem.<\/p>\n<p><strong>M\u00f3dulo 1 \u2013 Te\u00f3rico (Plataforma Online)<\/strong><\/p>\n<p>No primeiro m\u00f3dulo, inteiramente online, voc\u00ea ter\u00e1 acesso a conte\u00fados exclusivos sobre:<\/p>\n<ul>\n<li>Regulamenta\u00e7\u00f5es e normas de seguran\u00e7a para pilotagem de drones.<\/li>\n<li>Aerodin\u00e2mica e princ\u00edpios de voo.<\/li>\n<li>Tipos de drones e suas aplica\u00e7\u00f5es.<\/li>\n<li>Procedimentos de manuten\u00e7\u00e3o e calibra\u00e7\u00e3o de equipamentos.<\/li>\n<li>T\u00e9cnicas de planejamento de voo e interpreta\u00e7\u00e3o de dados.<\/li>\n<\/ul>\n<p><strong>M\u00f3dulo 2 \u2013 Pr\u00e1tico<\/strong><\/p>\n<p>O curso tem carga hor\u00e1ria de 20 horas e, ap\u00f3s a aprova\u00e7\u00e3o no M\u00f3dulo 1, o aluno poder\u00e1 se inscrever no M\u00f3dulo 2, que ser\u00e1 pr\u00e1tico e presencial.<\/p>\n<p>Ao final do curso, o aluno realizar\u00e1 uma prova objetiva e pr\u00e1tica aplicada pela empresa credenciadora, e, sendo aprovado, receber\u00e1 certificado e carteira de piloto.<\/p>\n<p><strong>Informa\u00e7\u00f5es complementares<\/strong><\/p>\n<p>O curso ser\u00e1 ministrado pela empresa credenciadora. Ap\u00f3s a inscri\u00e7\u00e3o, os alunos receber\u00e3o as informa\u00e7\u00f5es de acesso ao portal EAD da referida empresa para a realiza\u00e7\u00e3o do curso.<\/p>\n<p>Somente ap\u00f3s a aprova\u00e7\u00e3o do M\u00f3dulo I, o aluno poder\u00e1 dar sequ\u00eancia ao seu aprendizado para a realiza\u00e7\u00e3o do M\u00f3dulo II. O M\u00f3dulo II ser\u00e1 presencial e realizado no S\u00edtio Esperan\u00e7a da Igreja Crist\u00e3 Maranata, na cidade de Serra, Esp\u00edrito Santo, em data a ser definida.<\/p>\n","protected":false},"excerpt":{"rendered":"<p>Com dois m\u00f3dulos estruturados, voc\u00ea aprender\u00e1 desde os fundamentos do v\u00f4o at\u00e9 as t\u00e9cnicas avan\u00e7adas de pilotagem.<\/p>\n<p><strong>M\u00f3dulo 1 \u2013 Te\u00f3rico (Plataforma Online)<\/strong><\/p>\n<p>No primeiro m\u00f3dulo, inteiramente online, voc\u00ea ter\u00e1 acesso a conte\u00fados exclusivos sobre:<\/p>\n<ul>\n<li>Regulamenta\u00e7\u00f5es e normas de seguran\u00e7a para pilotagem de drones.<\/li>\n<li>Aerodin\u00e2mica e princ\u00edpios de voo.<\/li>\n<li>Tipos de drones e suas aplica\u00e7\u00f5es.<\/li>\n<li>Procedimentos de manuten\u00e7\u00e3o e calibra\u00e7\u00e3o de equipamentos.<\/li>\n<li>T\u00e9cnicas de planejamento de voo e interpreta\u00e7\u00e3o de dados.<\/li>\n<\/ul>\n<p><strong>M\u00f3dulo 2 \u2013 Pr\u00e1tico<\/strong><\/p>\n<p>O curso tem carga hor\u00e1ria de 20 horas e, ap\u00f3s a aprova\u00e7\u00e3o no M\u00f3dulo 1, o aluno poder\u00e1 se inscrever no M\u00f3dulo 2, que ser\u00e1 pr\u00e1tico e presencial.<\/p>\n<p>Ao final do curso, o aluno realizar\u00e1 uma prova objetiva e pr\u00e1tica aplicada pela empresa credenciadora, e, sendo aprovado, receber\u00e1 certificado e carteira de piloto.<\/p>\n<p><strong>Informa\u00e7\u00f5es complementares<\/strong><\/p>\n<p>O curso ser\u00e1 ministrado pela empresa credenciadora. Ap\u00f3s a inscri\u00e7\u00e3o, os alunos receber\u00e3o as informa\u00e7\u00f5es de acesso ao portal EAD da referida empresa para a realiza\u00e7\u00e3o do curso.<\/p>\n<p>Somente ap\u00f3s a aprova\u00e7\u00e3o do M\u00f3dulo I, o aluno poder\u00e1 dar sequ\u00eancia ao seu aprendizado para a realiza\u00e7\u00e3o do M\u00f3dulo II. O M\u00f3dulo II ser\u00e1 presencial e realizado no S\u00edtio Esperan\u00e7a da Igreja Crist\u00e3 Maranata, na cidade de Serra, Esp\u00edrito Santo, em data a ser definida.<\/p>\n","protected":false},"featured_media":52901,"comment_status":"open","ping_status":"closed","template":"","meta":[],"product_brand":[],"product_cat":[131],"product_tag":[],"class_list":{"0":"post-50108","1":"product","2":"type-product","3":"status-publish","4":"has-post-thumbnail","6":"product_cat-parceria","8":"first","9":"outofstock","10":"virtual","11":"sold-individually","12":"purchasable","13":"product-type-simple"},"_links":{"self":[{"href":"https:\/\/institutoicm.com.br\/ensino\/wp-json\/wp\/v2\/product\/50108","targetHints":{"allow":["GET"]}}],"collection":[{"href":"https:\/\/institutoicm.com.br\/ensino\/wp-json\/wp\/v2\/product"}],"about":[{"href":"https:\/\/institutoicm.com.br\/ensino\/wp-json\/wp\/v2\/types\/product"}],"replies":[{"embeddable":true,"href":"https:\/\/institutoicm.com.br\/ensino\/wp-json\/wp\/v2\/comments?post=50108"}],"version-history":[{"count":1,"href":"https:\/\/institutoicm.com.br\/ensino\/wp-json\/wp\/v2\/product\/50108\/revisions"}],"predecessor-version":[{"id":53433,"href":"https:\/\/institutoicm.com.br\/ensino\/wp-json\/wp\/v2\/product\/50108\/revisions\/53433"}],"wp:featuredmedia":[{"embeddable":true,"href":"https:\/\/institutoicm.com.br\/ensino\/wp-json\/wp\/v2\/media\/52901"}],"wp:attachment":[{"href":"https:\/\/institutoicm.com.br\/ensino\/wp-json\/wp\/v2\/media?parent=50108"}],"wp:term":[{"taxonomy":"product_brand","embeddable":true,"href":"https:\/\/institutoicm.com.br\/ensino\/wp-json\/wp\/v2\/product_brand?post=50108"},{"taxonomy":"product_cat","embeddable":true,"href":"https:\/\/institutoicm.com.br\/ensino\/wp-json\/wp\/v2\/product_cat?post=50108"},{"taxonomy":"product_tag","embeddable":true,"href":"https:\/\/institutoicm.com.br\/ensino\/wp-json\/wp\/v2\/product_tag?post=50108"}],"curies":[{"name":"wp","href":"https:\/\/api.w.org\/{rel}","templated":true}]}}

<p>Com dois módulos estruturados, você aprenderá desde os fundamentos do vôo até as técnicas avançadas de pilotagem.</p>
<p><strong>Módulo 1 – Teórico (Plataforma Online)</strong></p>
<p>No primeiro módulo, inteiramente online, você terá acesso a conteúdos exclusivos sobre:</p>
<ul>
<li>Regulamentações e normas de segurança para pilotagem de drones.</li>
<li>Aerodinâmica e princípios de voo.</li>
<li>Tipos de drones e suas aplicações.</li>
<li>Procedimentos de manutenção e calibração de equipamentos.</li>
<li>Técnicas de planejamento de voo e interpretação de dados.</li>
</ul>
<p><strong>Módulo 2 – Prático</strong></p>
<p>O curso tem carga horária de 20 horas e, após a aprovação no Módulo 1, o aluno poderá se inscrever no Módulo 2, que será prático e presencial.</p>
<p>Ao final do curso, o aluno realizará uma prova objetiva e prática aplicada pela empresa credenciadora, e, sendo aprovado, receberá certificado e carteira de piloto.</p>
<p><strong>Informações complementares</strong></p>
<p>O curso será ministrado pela empresa credenciadora. Após a inscrição, os alunos receberão as informações de acesso ao portal EAD da referida empresa para a realização do curso.</p>
<p>Somente após a aprovação do Módulo I, o aluno poderá dar sequência ao seu aprendizado para a realização do Módulo II. O Módulo II será presencial e realizado no Sítio Esperança da Igreja Cristã Maranata, na cidade de Serra, Espírito Santo, em data a ser definida.</p>
