{"id":45991,"date":"2024-07-08T15:43:46","date_gmt":"2024-07-08T18:43:46","guid":{"rendered":"https:\/\/institutoicm.com.br\/ensino\/?post_type=product&#038;p=45991"},"modified":"2026-04-06T12:30:41","modified_gmt":"2026-04-06T15:30:41","slug":"curso-reporter-maanaim-news","status":"publish","type":"product","link":"https:\/\/institutoicm.com.br\/ensino\/product\/curso-reporter-maanaim-news\/","title":{"rendered":"Curso Rep\u00f3rter Maanaim News"},"content":{"rendered":"<p>Curso Rep\u00f3rter Maanaim News<br \/>\n<strong>M\u00f3dulo 01 \u2013 Introdu\u00e7\u00e3o<\/strong><br \/>\nBem-vindo ao curso Rep\u00f3rter Maanaim News<br \/>\nComo fazer o curso dar certo<\/p>\n<p><strong>M\u00f3dulo 02 \u2013 Prop\u00f3sito<\/strong><br \/>\nObjetivo do curso<\/p>\n<p><strong>M\u00f3dulo 03 \u2013 Reportagem<\/strong><br \/>\nTermos t\u00e9cnicos<br \/>\nResponsabilidade do Pauteiro<br \/>\nComo fazer a pauta<br \/>\nApura\u00e7\u00e3o no local<br \/>\nA Reportagem<br \/>\nEntradas<br \/>\nEnquadramento<br \/>\nFilmagem<br \/>\nOFF<br \/>\nEntrevista<br \/>\nEntrevista &#8211; Aula 02<br \/>\nLauda da Mat\u00e9ria<br \/>\nLauda do Programa<br \/>\nCorre\u00e7\u00e3o Textual<br \/>\nDireito de Imagem<br \/>\nAvalia\u00e7\u00e3o<\/p>\n<p><strong>M\u00f3dulo 04 &#8211; Locu\u00e7\u00e3o e\u00a0 Posicionamento<\/strong><br \/>\nPrimeiro entenda<br \/>\nExerc\u00edcio para destravar<br \/>\nTreinando em frente do espelho<br \/>\nElimine os v\u00edcios de linguagem<br \/>\nComunica\u00e7\u00e3o<br \/>\nLocu\u00e7\u00e3o &#8211; Off<br \/>\nGrava\u00e7\u00e3o de Cabe\u00e7a<br \/>\nGrava\u00e7\u00e3o de Cabe\u00e7a &#8211; Aula 02<br \/>\nGrava\u00e7\u00e3o de Passagem<br \/>\nPostura do Rep\u00f3rter<br \/>\nPostura do Entrevistado<br \/>\nAvalia\u00e7\u00e3o<\/p>\n<p><strong>M\u00f3dulo 05 &#8211; Entona\u00e7\u00e3o de Voz<\/strong><br \/>\nControlar a ansiedade<br \/>\nAmplitude Postural<br \/>\nPose do her\u00f3i<br \/>\nExerc\u00edcio para voz<br \/>\nExerc\u00edcio Vocal<br \/>\nRepeti\u00e7\u00e3o<br \/>\nFa\u00e7a as pazes com a sua voz e imagem<br \/>\nInterpreta\u00e7\u00e3o<br \/>\nAvalia\u00e7\u00e3o<\/p>\n<p><strong>M\u00f3dulo 06 &#8211; Cobertura na Igreja<\/strong><br \/>\nComo filmar na igreja<br \/>\nComo se posicionar na igreja para cobrir<br \/>\nEquipamentos<br \/>\nComo produzir o texto para enviar para equipe<br \/>\nAvalia\u00e7\u00e3o<\/p>\n<p><strong>M\u00f3dulo 07 \u2013 Edi\u00e7\u00e3o<\/strong><br \/>\nEdi\u00e7\u00e3o<br \/>\nAvalia\u00e7\u00e3o<\/p>\n<p><strong>M\u00f3dulo 08 &#8211; Orienta\u00e7\u00f5es Programa Maanaim News<\/strong><br \/>\nReformula\u00e7\u00e3o Maanaim News<br \/>\nChecklist 01 &#8211; Maanaim News<br \/>\nChecklist 02 &#8211; Maanaim News<br \/>\nChecklist 03 &#8211; Maanaim News<br \/>\nOrienta\u00e7\u00f5es Programa Maanaim News<br \/>\nOrienta\u00e7\u00e3o Maanaim News &#8211; Aula 02<br \/>\nMaanaim News &#8211; Programa 03\/05\/2023<\/p>\n<p><strong>B\u00f4nus<\/strong><br \/>\nModelos de mat\u00e9rias<br \/>\nModelos de entrevistas<br \/>\nConclus\u00e3o do Curso Rep\u00f3rter Maanaim News<br \/>\nAvalia\u00e7\u00e3o Final<\/p>\n","protected":false},"excerpt":{"rendered":"<p class=\"cvgsua\" style=\"line-height: 18.0pt;\"><span class=\"oypena\"><span style=\"font-family: 'Arial',sans-serif; color: black;\">Bem-vindo(a) ao curso Rep\u00f3rter Maanaim News! Este curso \u00e9 projetado para fornecer a voc\u00ea uma vis\u00e3o geral dos conceitos e t\u00f3picos fundamentais relacionados ao telejornalismo. Durante o curso, voc\u00ea ser\u00e1 apresentado(a) a conceitos-chave, teorias e aplica\u00e7\u00f5es pr\u00e1ticas que ir\u00e3o ajud\u00e1-lo(a) a desenvolver uma compreens\u00e3o s\u00f3lida do tema.<\/span><\/span><\/p>\n<p class=\"cvgsua\" style=\"line-height: 18.0pt;\"><span class=\"oypena\"><span style=\"font-family: 'Arial',sans-serif; color: black;\">Neste curso Rep\u00f3rter Maanaim News, voc\u00ea ir\u00e1 aprender os conceitos b\u00e1sicos e fundamentais do telejornalismo. Voc\u00ea vai explorar os princ\u00edpios e as teorias que s\u00e3o a base do telejornalismo, e como eles se aplicam em contextos reais. O curso ir\u00e1 familiariz\u00e1-lo(a) com o vocabul\u00e1rio e terminologia espec\u00edficos do tema, e voc\u00ea vai ganhar uma compreens\u00e3o geral da \u00e1rea.<\/span><\/span><\/p>\n","protected":false},"featured_media":45992,"comment_status":"open","ping_status":"closed","template":"","meta":[],"product_brand":[],"product_cat":[69],"product_tag":[],"class_list":{"0":"post-45991","1":"product","2":"type-product","3":"status-publish","4":"has-post-thumbnail","6":"product_cat-ead","8":"first","9":"outofstock","10":"virtual","11":"sold-individually","12":"purchasable","13":"product-type-simple"},"_links":{"self":[{"href":"https:\/\/institutoicm.com.br\/ensino\/wp-json\/wp\/v2\/product\/45991","targetHints":{"allow":["GET"]}}],"collection":[{"href":"https:\/\/institutoicm.com.br\/ensino\/wp-json\/wp\/v2\/product"}],"about":[{"href":"https:\/\/institutoicm.com.br\/ensino\/wp-json\/wp\/v2\/types\/product"}],"replies":[{"embeddable":true,"href":"https:\/\/institutoicm.com.br\/ensino\/wp-json\/wp\/v2\/comments?post=45991"}],"version-history":[{"count":1,"href":"https:\/\/institutoicm.com.br\/ensino\/wp-json\/wp\/v2\/product\/45991\/revisions"}],"predecessor-version":[{"id":60539,"href":"https:\/\/institutoicm.com.br\/ensino\/wp-json\/wp\/v2\/product\/45991\/revisions\/60539"}],"wp:featuredmedia":[{"embeddable":true,"href":"https:\/\/institutoicm.com.br\/ensino\/wp-json\/wp\/v2\/media\/45992"}],"wp:attachment":[{"href":"https:\/\/institutoicm.com.br\/ensino\/wp-json\/wp\/v2\/media?parent=45991"}],"wp:term":[{"taxonomy":"product_brand","embeddable":true,"href":"https:\/\/institutoicm.com.br\/ensino\/wp-json\/wp\/v2\/product_brand?post=45991"},{"taxonomy":"product_cat","embeddable":true,"href":"https:\/\/institutoicm.com.br\/ensino\/wp-json\/wp\/v2\/product_cat?post=45991"},{"taxonomy":"product_tag","embeddable":true,"href":"https:\/\/institutoicm.com.br\/ensino\/wp-json\/wp\/v2\/product_tag?post=45991"}],"curies":[{"name":"wp","href":"https:\/\/api.w.org\/{rel}","templated":true}]}}