{"id":21682,"date":"2022-12-16T15:11:13","date_gmt":"2022-12-16T18:11:13","guid":{"rendered":"https:\/\/institutoicm.com.br\/ensino\/?post_type=product&#038;p=21682"},"modified":"2026-04-06T12:32:09","modified_gmt":"2026-04-06T15:32:09","slug":"hebraico-biblico","status":"publish","type":"product","link":"https:\/\/institutoicm.com.br\/ensino\/product\/hebraico-biblico\/","title":{"rendered":"CURSO HEBRAICO BIBLICO"},"content":{"rendered":"<p>O objetivo do curso de Hebraico B\u00edblico do Instituto B\u00edblico da Igreja Crist\u00e3 Maranata \u00e9 dar ao aluno um conjunto de conceitos, procedimentos e atitudes que atuem como instrumentos b\u00e1sicos para a leitura, a tradu\u00e7\u00e3o (com aux\u00edlio de dicion\u00e1rios Hebraico-Portugu\u00eas), e o estudo de palavras e textos do Antigo Testamento Hebraico.<\/p>\n","protected":false},"excerpt":{"rendered":"<p>O objetivo do curso de Hebraico B\u00edblico do Instituto B\u00edblico da Igreja Crist\u00e3 Maranata \u00e9 dar ao aluno um conjunto de conceitos, procedimentos e atitudes que atuem como instrumentos b\u00e1sicos para a leitura, a tradu\u00e7\u00e3o (com aux\u00edlio de dicion\u00e1rios Hebraico-Portugu\u00eas), e o estudo de palavras e textos do Antigo Testamento Hebraico.<\/p>\n<p>As videoaulas poder\u00e3o ser acessadas por meio de um <em>notebook<\/em>, <em>tablet<\/em> ou <em>smart-phone<\/em>. O aluno dever\u00e1 possuir os recursos de banda de internet (m\u00ednimo de 2Mbps), al\u00e9m dos recursos necess\u00e1rios de processamento do seu equipamento para uma melhor experi\u00eancia na visualiza\u00e7\u00e3o das aulas.<\/p>\n<p>O aluno ter\u00e1 acesso \u00e0s videoaulas, apostilas em PDF, por meio da plataforma EAD.\u00a0 Ao final do curso, o aluno poder\u00e1 fazer o <em>download<\/em> do Certificado de Participa\u00e7\u00e3o.<\/p>\n<p>O Instituto B\u00edblico da Igreja Crist\u00e3 Maranata disponibiliza tamb\u00e9m o livro \u201cHebraico B\u00edblico\u201d, o qual poder\u00e1 ser adquirido na livraria <em>on line<\/em> do Instituto B\u00edblico (https:\/\/livrariaicm.org.br).<\/p>\n","protected":false},"featured_media":22140,"comment_status":"open","ping_status":"closed","template":"","meta":[],"product_brand":[],"product_cat":[91],"product_tag":[],"class_list":{"0":"post-21682","1":"product","2":"type-product","3":"status-publish","4":"has-post-thumbnail","6":"product_cat-diversos","8":"first","9":"outofstock","10":"virtual","11":"sold-individually","12":"purchasable","13":"product-type-simple"},"_links":{"self":[{"href":"https:\/\/institutoicm.com.br\/ensino\/wp-json\/wp\/v2\/product\/21682","targetHints":{"allow":["GET"]}}],"collection":[{"href":"https:\/\/institutoicm.com.br\/ensino\/wp-json\/wp\/v2\/product"}],"about":[{"href":"https:\/\/institutoicm.com.br\/ensino\/wp-json\/wp\/v2\/types\/product"}],"replies":[{"embeddable":true,"href":"https:\/\/institutoicm.com.br\/ensino\/wp-json\/wp\/v2\/comments?post=21682"}],"version-history":[{"count":1,"href":"https:\/\/institutoicm.com.br\/ensino\/wp-json\/wp\/v2\/product\/21682\/revisions"}],"predecessor-version":[{"id":60551,"href":"https:\/\/institutoicm.com.br\/ensino\/wp-json\/wp\/v2\/product\/21682\/revisions\/60551"}],"wp:featuredmedia":[{"embeddable":true,"href":"https:\/\/institutoicm.com.br\/ensino\/wp-json\/wp\/v2\/media\/22140"}],"wp:attachment":[{"href":"https:\/\/institutoicm.com.br\/ensino\/wp-json\/wp\/v2\/media?parent=21682"}],"wp:term":[{"taxonomy":"product_brand","embeddable":true,"href":"https:\/\/institutoicm.com.br\/ensino\/wp-json\/wp\/v2\/product_brand?post=21682"},{"taxonomy":"product_cat","embeddable":true,"href":"https:\/\/institutoicm.com.br\/ensino\/wp-json\/wp\/v2\/product_cat?post=21682"},{"taxonomy":"product_tag","embeddable":true,"href":"https:\/\/institutoicm.com.br\/ensino\/wp-json\/wp\/v2\/product_tag?post=21682"}],"curies":[{"name":"wp","href":"https:\/\/api.w.org\/{rel}","templated":true}]}}