{"id":21485,"date":"2022-12-08T13:39:27","date_gmt":"2022-12-08T16:39:27","guid":{"rendered":"https:\/\/institutoicm.com.br\/ensino\/?post_type=product&#038;p=21485"},"modified":"2026-04-06T12:32:42","modified_gmt":"2026-04-06T15:32:42","slug":"ciencia-e-fe-uma-abordagem-profetica-modulo-iii","status":"publish","type":"product","link":"https:\/\/institutoicm.com.br\/ensino\/product\/ciencia-e-fe-uma-abordagem-profetica-modulo-iii\/","title":{"rendered":"CURSO CIENCIA E FE -UMA ABORDAGEM PROFETICA -MODULO 3"},"content":{"rendered":"<p>O curso tem por objetivo fazer um contraponto prof\u00e9tico entre ci\u00eancia e f\u00e9 sob o aspecto prof\u00e9tico, abordando o nascimento e a evolu\u00e7\u00e3o da ci\u00eancia (filosofia, teologia) e a oposi\u00e7\u00e3o da falsa ci\u00eancia \u00e0 jornada da Igreja Fiel.<\/p>\n<p>Este m\u00f3dulo trata da caminhada da Igreja Fiel do Pentecostes at\u00e9 \u00e0 reforma religiosa do s\u00e9culo dezesseis. Voc\u00ea vai ver neste m\u00f3dulo o legado filos\u00f3fico do primeiro s\u00e9culo, as persegui\u00e7\u00f5es \u00e0 Igreja, os Patristas, Agostinho e o neoplatonismo, as heresias dos primeiros s\u00e9culos, as bases filos\u00f3ficas da igreja imperial, os dogmas e a idade m\u00e9dia, a escol\u00e1stica de Tom\u00e1s de Aquino e a ci\u00eancia e f\u00e9\u00a0na\u00a0idade\u00a0m\u00e9dia.<\/p>\n","protected":false},"excerpt":{"rendered":"<p>O curso tem por objetivo fazer um contraponto prof\u00e9tico entre ci\u00eancia e f\u00e9 sob o aspecto prof\u00e9tico, abordando o nascimento e a evolu\u00e7\u00e3o da ci\u00eancia (filosofia, teologia) e a oposi\u00e7\u00e3o da falsa ci\u00eancia \u00e0 jornada da Igreja Fiel.<\/p>\n<p>Este m\u00f3dulo trata da caminhada da Igreja Fiel do Pentecostes at\u00e9 \u00e0 reforma religiosa do s\u00e9culo dezesseis. Voc\u00ea vai ver neste m\u00f3dulo o legado filos\u00f3fico do primeiro s\u00e9culo, as persegui\u00e7\u00f5es \u00e0 Igreja, os Patristas, Agostinho e o neoplatonismo, as heresias dos primeiros s\u00e9culos, as bases filos\u00f3ficas da igreja imperial, os dogmas e a idade m\u00e9dia, a escol\u00e1stica de Tom\u00e1s de Aquino e a ci\u00eancia e f\u00e9\u00a0na\u00a0idade\u00a0m\u00e9dia.<\/p>\n","protected":false},"featured_media":21486,"comment_status":"closed","ping_status":"closed","template":"","meta":[],"product_brand":[],"product_cat":[69],"product_tag":[],"class_list":{"0":"post-21485","1":"product","2":"type-product","3":"status-publish","4":"has-post-thumbnail","6":"product_cat-ead","8":"first","9":"outofstock","10":"virtual","11":"sold-individually","12":"purchasable","13":"product-type-simple"},"_links":{"self":[{"href":"https:\/\/institutoicm.com.br\/ensino\/wp-json\/wp\/v2\/product\/21485","targetHints":{"allow":["GET"]}}],"collection":[{"href":"https:\/\/institutoicm.com.br\/ensino\/wp-json\/wp\/v2\/product"}],"about":[{"href":"https:\/\/institutoicm.com.br\/ensino\/wp-json\/wp\/v2\/types\/product"}],"replies":[{"embeddable":true,"href":"https:\/\/institutoicm.com.br\/ensino\/wp-json\/wp\/v2\/comments?post=21485"}],"version-history":[{"count":2,"href":"https:\/\/institutoicm.com.br\/ensino\/wp-json\/wp\/v2\/product\/21485\/revisions"}],"predecessor-version":[{"id":60553,"href":"https:\/\/institutoicm.com.br\/ensino\/wp-json\/wp\/v2\/product\/21485\/revisions\/60553"}],"wp:featuredmedia":[{"embeddable":true,"href":"https:\/\/institutoicm.com.br\/ensino\/wp-json\/wp\/v2\/media\/21486"}],"wp:attachment":[{"href":"https:\/\/institutoicm.com.br\/ensino\/wp-json\/wp\/v2\/media?parent=21485"}],"wp:term":[{"taxonomy":"product_brand","embeddable":true,"href":"https:\/\/institutoicm.com.br\/ensino\/wp-json\/wp\/v2\/product_brand?post=21485"},{"taxonomy":"product_cat","embeddable":true,"href":"https:\/\/institutoicm.com.br\/ensino\/wp-json\/wp\/v2\/product_cat?post=21485"},{"taxonomy":"product_tag","embeddable":true,"href":"https:\/\/institutoicm.com.br\/ensino\/wp-json\/wp\/v2\/product_tag?post=21485"}],"curies":[{"name":"wp","href":"https:\/\/api.w.org\/{rel}","templated":true}]}}

<p>O curso tem por objetivo fazer um contraponto profético entre ciência e fé sob o aspecto profético, abordando o nascimento e a evolução da ciência (filosofia, teologia) e a oposição da falsa ciência à jornada da Igreja Fiel.</p>
<p>Este módulo trata da caminhada da Igreja Fiel do Pentecostes até à reforma religiosa do século dezesseis. Você vai ver neste módulo o legado filosófico do primeiro século, as perseguições à Igreja, os Patristas, Agostinho e o neoplatonismo, as heresias dos primeiros séculos, as bases filosóficas da igreja imperial, os dogmas e a idade média, a escolástica de Tomás de Aquino e a ciência e fé na idade média.</p>
