{"id":20636,"date":"2022-10-05T10:18:05","date_gmt":"2022-10-05T13:18:05","guid":{"rendered":"https:\/\/institutoicm.com.br\/ensino\/?post_type=product&#038;p=20636"},"modified":"2026-04-06T12:33:17","modified_gmt":"2026-04-06T15:33:17","slug":"ciencia-e-fe-uma-abordagem-profetica-modulo-ii","status":"publish","type":"product","link":"https:\/\/institutoicm.com.br\/ensino\/product\/ciencia-e-fe-uma-abordagem-profetica-modulo-ii\/","title":{"rendered":"CURSO CIENCIA  E FE -UMA ABORDAGEM PROFETICA -MODULO 2"},"content":{"rendered":"<p>O curso tem por objetivo fazer um contraponto prof\u00e9tico entre ci\u00eancia e f\u00e9 sob o aspecto prof\u00e9tico, abordando o nascimento e a evolu\u00e7\u00e3o da ci\u00eancia (filosofia, teologia) e a oposi\u00e7\u00e3o da falsa ci\u00eancia \u00e0 jornada da Igreja Fiel.<\/p>\n<p>No segundo m\u00f3dulo (Israel e a Igreja) ser\u00e3o vistas as seguintes disciplinas: A decad\u00eancia do governo humano, a apost\u00e1sia de Israel, a filosofia e o minist\u00e9rio de Jesus, o nascimento da igreja e os tempos prof\u00e9ticos da Igreja.<\/p>\n","protected":false},"excerpt":{"rendered":"<p>O curso tem por objetivo fazer um contraponto prof\u00e9tico entre ci\u00eancia e f\u00e9 sob o aspecto prof\u00e9tico, abordando o nascimento e a evolu\u00e7\u00e3o da ci\u00eancia (filosofia, teologia) e a oposi\u00e7\u00e3o da falsa ci\u00eancia \u00e0 jornada da Igreja Fiel.<\/p>\n<p>No segundo m\u00f3dulo (Israel e a Igreja) ser\u00e3o vistas as seguintes disciplinas: A decad\u00eancia do governo humano, a apost\u00e1sia de Israel, a filosofia e o minist\u00e9rio de Jesus, o nascimento da igreja e os tempos prof\u00e9ticos da Igreja.<\/p>\n","protected":false},"featured_media":20637,"comment_status":"closed","ping_status":"closed","template":"","meta":[],"product_brand":[],"product_cat":[69],"product_tag":[],"class_list":{"0":"post-20636","1":"product","2":"type-product","3":"status-publish","4":"has-post-thumbnail","6":"product_cat-ead","8":"first","9":"outofstock","10":"virtual","11":"sold-individually","12":"purchasable","13":"product-type-simple"},"_links":{"self":[{"href":"https:\/\/institutoicm.com.br\/ensino\/wp-json\/wp\/v2\/product\/20636","targetHints":{"allow":["GET"]}}],"collection":[{"href":"https:\/\/institutoicm.com.br\/ensino\/wp-json\/wp\/v2\/product"}],"about":[{"href":"https:\/\/institutoicm.com.br\/ensino\/wp-json\/wp\/v2\/types\/product"}],"replies":[{"embeddable":true,"href":"https:\/\/institutoicm.com.br\/ensino\/wp-json\/wp\/v2\/comments?post=20636"}],"version-history":[{"count":1,"href":"https:\/\/institutoicm.com.br\/ensino\/wp-json\/wp\/v2\/product\/20636\/revisions"}],"predecessor-version":[{"id":60556,"href":"https:\/\/institutoicm.com.br\/ensino\/wp-json\/wp\/v2\/product\/20636\/revisions\/60556"}],"wp:featuredmedia":[{"embeddable":true,"href":"https:\/\/institutoicm.com.br\/ensino\/wp-json\/wp\/v2\/media\/20637"}],"wp:attachment":[{"href":"https:\/\/institutoicm.com.br\/ensino\/wp-json\/wp\/v2\/media?parent=20636"}],"wp:term":[{"taxonomy":"product_brand","embeddable":true,"href":"https:\/\/institutoicm.com.br\/ensino\/wp-json\/wp\/v2\/product_brand?post=20636"},{"taxonomy":"product_cat","embeddable":true,"href":"https:\/\/institutoicm.com.br\/ensino\/wp-json\/wp\/v2\/product_cat?post=20636"},{"taxonomy":"product_tag","embeddable":true,"href":"https:\/\/institutoicm.com.br\/ensino\/wp-json\/wp\/v2\/product_tag?post=20636"}],"curies":[{"name":"wp","href":"https:\/\/api.w.org\/{rel}","templated":true}]}}