{"id":19505,"date":"2022-08-11T14:50:00","date_gmt":"2022-08-11T17:50:00","guid":{"rendered":"https:\/\/institutoicm.com.br\/ensino\/?post_type=product&#038;p=19505"},"modified":"2026-04-06T12:33:25","modified_gmt":"2026-04-06T15:33:25","slug":"e-book-la-jornada-de-abraham","status":"publish","type":"product","link":"https:\/\/institutoicm.com.br\/ensino\/product\/e-book-la-jornada-de-abraham\/","title":{"rendered":"E-BOOK &#8211; La Jornada de Abraham"},"content":{"rendered":"<p>El contenido de este libro comprende parte del material did\u00e1ctico del curso LA JORNADA DE ABRAHAM.<\/p>\n<p>El estudio de la Palabra de Dios, realizado de forma constante y permanente, as\u00ed como la operaci\u00f3n del Esp\u00edritu Santo, es fundamental para el alcance prof\u00e9tico y revelado de la persona gloriosa del Se\u00f1or Jes\u00fas en toda la palabra.<\/p>\n<p>Muestra la caminata de Abraham en sus aspectos hist\u00f3ricos, geogr\u00e1ficos y prof\u00e9ticos.<\/p>\n<p>Este material fue elaborado sobre la base de las clases doctrinarias impartidas en los seminarios realizados por la Iglesia Cristiana Maranata, en el Maanaim de Domingos Martins, en el estado del Esp\u00edritu Santo.<\/p>\n<p>El contenido did\u00e1ctico de esta publicaci\u00f3n comprende parte del acervo doctrinario de la Iglesia Cristiana Maranata, organizado y puesto a disposici\u00f3n por el Instituto B\u00edblico de la Iglesia Cristiana Maranata para el curso de doctrinas b\u00edblicas.<\/p>\n<p>Esta publicaci\u00f3n fue revisada y perfeccionada con base en las revelaciones \u00a0transmitidas por la Escuela B\u00edblica Dominical.<\/p>\n<p>Todos los derechos est\u00e1n reservados a la Iglesia Cristiana Maranata.<\/p>\n","protected":false},"excerpt":{"rendered":"<p>El contenido de este libro comprende parte del material did\u00e1ctico del curso LA JORNADA DE ABRAHAM.<\/p>\n<p>El estudio de la Palabra de Dios, realizado de forma constante y permanente, as\u00ed como la operaci\u00f3n del Esp\u00edritu Santo, es fundamental para el alcance prof\u00e9tico y revelado de la persona gloriosa del Se\u00f1or Jes\u00fas en toda la palabra.<\/p>\n<p>Muestra la caminata de Abraham en sus aspectos hist\u00f3ricos, geogr\u00e1ficos y prof\u00e9ticos.<\/p>\n","protected":false},"featured_media":19499,"comment_status":"closed","ping_status":"closed","template":"","meta":[],"product_brand":[],"product_cat":[81],"product_tag":[],"class_list":{"0":"post-19505","1":"product","2":"type-product","3":"status-publish","4":"has-post-thumbnail","6":"product_cat-e-book","8":"first","9":"outofstock","10":"virtual","11":"sold-individually","12":"purchasable","13":"product-type-simple"},"_links":{"self":[{"href":"https:\/\/institutoicm.com.br\/ensino\/wp-json\/wp\/v2\/product\/19505","targetHints":{"allow":["GET"]}}],"collection":[{"href":"https:\/\/institutoicm.com.br\/ensino\/wp-json\/wp\/v2\/product"}],"about":[{"href":"https:\/\/institutoicm.com.br\/ensino\/wp-json\/wp\/v2\/types\/product"}],"replies":[{"embeddable":true,"href":"https:\/\/institutoicm.com.br\/ensino\/wp-json\/wp\/v2\/comments?post=19505"}],"version-history":[{"count":1,"href":"https:\/\/institutoicm.com.br\/ensino\/wp-json\/wp\/v2\/product\/19505\/revisions"}],"predecessor-version":[{"id":60557,"href":"https:\/\/institutoicm.com.br\/ensino\/wp-json\/wp\/v2\/product\/19505\/revisions\/60557"}],"wp:featuredmedia":[{"embeddable":true,"href":"https:\/\/institutoicm.com.br\/ensino\/wp-json\/wp\/v2\/media\/19499"}],"wp:attachment":[{"href":"https:\/\/institutoicm.com.br\/ensino\/wp-json\/wp\/v2\/media?parent=19505"}],"wp:term":[{"taxonomy":"product_brand","embeddable":true,"href":"https:\/\/institutoicm.com.br\/ensino\/wp-json\/wp\/v2\/product_brand?post=19505"},{"taxonomy":"product_cat","embeddable":true,"href":"https:\/\/institutoicm.com.br\/ensino\/wp-json\/wp\/v2\/product_cat?post=19505"},{"taxonomy":"product_tag","embeddable":true,"href":"https:\/\/institutoicm.com.br\/ensino\/wp-json\/wp\/v2\/product_tag?post=19505"}],"curies":[{"name":"wp","href":"https:\/\/api.w.org\/{rel}","templated":true}]}}

<p>El contenido de este libro comprende parte del material didáctico del curso LA JORNADA DE ABRAHAM.</p>
<p>El estudio de la Palabra de Dios, realizado de forma constante y permanente, así como la operación del Espíritu Santo, es fundamental para el alcance profético y revelado de la persona gloriosa del Señor Jesús en toda la palabra.</p>
<p>Muestra la caminata de Abraham en sus aspectos históricos, geográficos y proféticos.</p>
<p>Este material fue elaborado sobre la base de las clases doctrinarias impartidas en los seminarios realizados por la Iglesia Cristiana Maranata, en el Maanaim de Domingos Martins, en el estado del Espíritu Santo.</p>
<p>El contenido didáctico de esta publicación comprende parte del acervo doctrinario de la Iglesia Cristiana Maranata, organizado y puesto a disposición por el Instituto Bíblico de la Iglesia Cristiana Maranata para el curso de doctrinas bíblicas.</p>
<p>Esta publicación fue revisada y perfeccionada con base en las revelaciones  transmitidas por la Escuela Bíblica Dominical.</p>
<p>Todos los derechos están reservados a la Iglesia Cristiana Maranata.</p>

<p>El contenido de este libro comprende parte del material didáctico del curso LA JORNADA DE ABRAHAM.</p>
<p>El estudio de la Palabra de Dios, realizado de forma constante y permanente, así como la operación del Espíritu Santo, es fundamental para el alcance profético y revelado de la persona gloriosa del Señor Jesús en toda la palabra.</p>
<p>Muestra la caminata de Abraham en sus aspectos históricos, geográficos y proféticos.</p>
